 -2 - 8 - (3 - (8 + (-1 - (16 + -10)))).
-12
What is the value of -22 - -24 - ((-46 - (-3 + -10)) + -6)?
41
Evaluate -8 - (7 + (-78 - (-6 + 30))).
87
What is the value of (-12 - 3) + -3 + (-1108 - -1120)?
-6
What is (2 - (4 + 4 + -4)) + -8 - (191 + -218)?
17
Evaluate (25 - 60) + 25 - (54 - (-3 - -7)).
-60
What is 30 - (-31 - -8 - (-19 + -1))?
33
Calculate -2 + -34 - (10 + -28) - (-22 + 61).
-57
4 - (4 + 16) - (-139 + 124)
-1
What is the value of -728 + 748 - (-5 - -33 - 7)?
-1
Calculate -40 - ((-36 - -70) + -113).
39
What is (-9 - 5 - -54) + -38?
2
Evaluate 77 + (-204 + 81 - 43).
-89
Calculate 40 + 1 - ((21 - 5 - (3 - -20)) + 22).
26
Calculate -71 + (57 - (56 - 74)).
4
What is the value of (686 - 612) + (0 - 12)?
62
-67 + -4 + 192 + -80
41
What is the value of 21 - (3 + (10 - (-21 + -10)))?
-23
What is 4 + 3 + (16 - -3 - 14)?
12
Calculate 40 + (-2 - -7) + (24 - 34) - (5 + -1).
31
Evaluate 66 + -128 + 40 + 48 + 2.
28
Calculate 10 + (9 - (-48 + 60 - ((5 - 22) + 0))).
-10
What is the value of -89 + 34 + 130 + 12?
87
Calculate (1 + 8 + -42 - -15) + 25.
7
What is the value of 66 - (-32 + (-83 - -175))?
6
What is (1 - -2) + 81 + 6 + (5 - (-3 + 8))?
90
What is the value of 7 - (-196 - -219) - (2 + -1 + (-2 - -1))?
-16
What is the value of (12 + 4 - 0) + (7 - 1) + -2?
20
11 - (1 - (-19 - (-6 + 3 - -9)))
-15
Evaluate 22 + (20 - 10 - 37 - 23).
-28
What is (70 - (164 + -31)) + 145?
82
Evaluate (160 - 225) + 28 - (-1 + -2 - (-3 + -1)).
-38
(-37 - (0 + (11 - -6))) + 8
-46
What is -126 + 28 - (-16 - 5)?
-77
(-71 - ((1 + -5 - (6 + -13)) + -5)) + 10
-59
(43 + -11 + -62 - -96) + 29
95
98 - (64 + -81 + 69)
46
Evaluate -21 - ((8 - (17 - 18)) + -4 + -1) - 7.
-32
Calculate -38 + (12 - (14 - (1 + (-16 - -3)))).
-52
Calculate -24 + 3 + 17 + 4 + 4.
4
What is the value of -3 + -19 + 40 + 2 + 10?
30
(28 - 49) + -51 - (8 + (-7 - 0))
-73
Calculate 343 - 344 - (-2 + 0 - ((-13 - -6) + -84)).
-90
(21 - 18) + -67 + -2 + -40 + 39
-67
-19 + (-1 + -7 - (-220 - -209)) + 109
93
What is the value of -3 + (-9 - -2) - (11 - -2 - (-146 - -148))?
-21
Evaluate -11 - ((165 - 159) + 4 + 1 - (65 - 3)).
40
Calculate -14 - (-8 + -2 + 6 - -9) - (-4 + 14).
-29
-1401 - -1419 - (-3 + -19 + 1)
39
Evaluate (4 - -9) + (0 + -9 - -21 - 19).
6
What is the value of -21 + (7 - -27) - 6?
7
What is 47 - ((-13 - -9) + -19 + 20)?
50
What is the value of (17 + 11 - 14) + -14 - 5?
-5
What is the value of 23 - (18 - 12 - -11) - (0 + -10)?
16
What is 5 + -9 - -11 - (-10 - (10 + -3 + -3))?
21
-11 + ((1 - 32) + 2 + -3 - (181 + -181))
-43
Evaluate 10 + 20 + -52 - (-94 + -5).
77
What is the value of -100 - (-48 + (-39 - -31))?
-44
Calculate (13 - 16 - (-6 + 10) - -6) + -15.
-16
Calculate (22 - 11) + (7 - -11 - 39) + 6.
-4
Calculate 154 + -60 + -108 - 39.
-53
What is 3 + (53 - (-12 + (20 - (-6 + 16))) - -8)?
66
Calculate (3 + 4 - 3) + (16 + 2 - (-519 - -518)).
23
What is the value of 2 + 12 - (-62 + 27 - -43)?
6
What is 224 + -136 + 0 + 40?
128
What is -2 + (2 - 26) - (42 + 41 + -46 + -32)?
-31
What is 9 - (-27 + 39 - (7 - 5 - -26))?
25
What is the value of (38 + (1 - 0) - 1) + (3085 - 3070)?
53
Calculate (-10 + (14 - 14) - -6) + 8 - -12.
16
What is 0 - (5 - 11) - (10 + -4 - 15)?
15
What is the value of (-12 - -40 - 52) + 7 + 27 + 1 + 25?
36
Calculate (-2303 - -2338) + (-1 - 84).
-50
-108 - -114 - (37 + -74 - (-5 + 1))
39
What is the value of -6 + -40 - -40 - 14?
-20
Evaluate (2 - -8) + 333 + -353.
-10
Evaluate -23 + 24 + (-5 - -41) - 44.
-7
What is 21 + 59 + -75 + 6?
11
Evaluate (-4 + 8 - 2) + (-47 + 15 - -23).
-7
Calculate (6 - -3) + -1 + 11 + -10 - (-20 + 0).
29
(1 - -5) + -12 + 22 + (2 - 9) + 38
47
What is the value of 34 + (-24 + 7 - 25) + (5 - 0) - -3?
0
(12 - (19 - (-18 - -21))) + 33
29
Evaluate (3 - -5) + (10 + 1 - 3) + -5.
11
Evaluate (-1 - -62 - (-14 + 14)) + -24 + 24.
61
Evaluate -39 + 21 - -37 - -11.
30
What is the value of -7 + (-3 - (-5 - (-49 - 6))) - (-8 - -5)?
-57
Calculate (-82 - (-105 - -48)) + 43.
18
27 + -53 + 2 - 2
-26
Calculate (5 + -26 - -8) + (496 - 390).
93
Evaluate 4 + -4 - (5 - (17 + -5 + -11)) - 55.
-59
-117 + 27 - (6 + -18 - -1) - (13 + -1)
-91
Calculate 44 - (-8 + -12 + 52).
12
Calculate 0 + -13 + (-23 - -46) + -8.
2
What is the value of -6 - (9 + -6 + (-4 - 10) + -31)?
36
What is (-120 - -89 - (-17 + -8)) + 29?
23
What is (10 - (-15 - (-135 - 4))) + (6 - -15)?
-93
Evaluate -107 + 96 + (2 + (-7 - -6) - -35).
25
What is the value of -2 + -29 - (186 + -381 + 171)?
-7
What is the value of -124 + 83 - (22 - 0 - (-122 + 127))?
-58
What is the value of 58 + (-82 - 55) + 133?
54
Evaluate -41 + 34 + -21 - (27 + -3).
-52
-4 + 7 + 9 + -25 - (-25 - -55)
-43
What is 25 + 371 + -362 + -1 + -108?
-75
Evaluate -3 + (16 - 37) + (-19 - (-3 - 4)).
-36
Calculate -42 + -21 + (-32 - -40).
-55
Calculate 35 + 35 + -83 + -22.
-35
Calculate (-30 - -7) + -230 + 283.
30
What is the value of -9 + ((8 - (-7 - -16) - -4) + -9 - 4)?
-19
Calculate (2 - 50) + (-10 - -8) + (-7 - 2 - 1).
-60
11 + -134 + 9 + (-1 - -17) + 75 + -85
-108
What is -25 - ((46 - 8) + -78)?
15
What is the value of -15 + 11 + 4 + (11 - 27) + -127?
-143
Evaluate (-18 - -53 - (-12 - 5)) + -14.
38
Calculate 20 + (-30 - -103) + -206.
-113
What is (-54 - (-123 - -21)) + (-17 - -20 - (-1 - -9))?
43
What is 31 - (-21 + 37) - 7?
8
Evaluate (-60 - -1) + (194 - (6 - -209)).
-80
What is the value of (67 - 2) + (-20 - 3) + 15 + -7 + 18?
68
-51 + (-20 - -2) + 33 + -25
-61
What is the value of (4732 - 4750) + (3 - (3 + -2) - -104)?
88
What is -1 + 97 + -14 + -15 + 14?
81
What is -3 - (-18 + -1 + (86 - 83))?
13
What is the value of 22 + (0 - -2) - (-27 + (-216 - -200))?
67
Calculate 35 + -19 + -33 + 26.
9
5 - ((-147 - 29) + 185 - (0 - (1 - 16)))
11
Calculate (33 + -10 - 19) + 44 + -33.
15
What is the value of 6 + -31 + (-12 - (-10 + 9))?
-36
What is the value of -10 - (-28 + (8 - -1)) - (-50 - -127)?
-68
Calculate (-12 + 23 - (-2 + 7) - (29 - 26)) + -28.
-25
Calculate -55 + 43 + 1 - 72.
-83
What is 38 - (-21 - (-62 + 16)) - (4 + (78 - -6))?
-75
Calculate (-7 - -2) + 70 - ((-3 - (-6 - 0)) + 1).
61
Calculate -47 - -1 - (-188 + (-68 - -251)).
-41
Evaluate -8 - 7 - ((-2 - 1) + 31 + -21).
-22
Evaluate (94 - 109) + (54 - (-4 - (1 - -4))).
48
Evaluate 342 - (-288 - -636) - ((-113 - 1) + -2).
110
Calculate -56 + (12 - -46) + (1 - 44).
-41
Evaluate 1 + -13 - (16 + 17 + (-8 - 59)).
22
What is the value of -10 + (4 - ((-2 - -51) + (15 - (-16 - -21))))?
-65
Calculate -167 + 186 + (-57 - 3).
-41
What is -15 + 42 + -74 - -34 - -51?
38
18 + (36 - 55) + -27
-28
Evaluate -32 - (-29 - 47 - 47).
91
31 + -84 - -24 - 39
-68
What is 48 - (103 - 37 - 64)?
46
What is the value of -4 - (-3 - (10 - -1 - 9)) - 6?
-5
What is (-12 - ((-19 - -20) + -35)) + -5 - -69?
86
What is the value of -15 + (-28 + -8 - (6 + (-2 - 10)))?
-45
Calculate (75 - (-36 + (-22 - -18))) + -33.
82
What is -72 + (-19 - (-31 + 26) - (0 - 26))?
-60
Evaluate -155 - 0 - (-6684 + 6613).
-84
-18 - 0 - (111 + (-59 - 55))
-15
(23 + -9 - 11) + (-6 + 10 - -13)
20
Calculate -6 + -15 - -115 - (6 - (4 + -1 + 1)).
92
-8 + -3 + 27 + -36 + 67
47
Calculate 3 - 1 - 5 - ((-262 - -271) + (12 - 2)).
-22
Evaluate 1 + (-13 - 1) + (-58 + -52 + 114 - 56).
-65
What is -74 - (-30 - (-19 + 39))?
-24
100 + -105 + (4 - 89)
-90
What is the value of (-3 - (-57 + (-2 - 2) + -2)) + (27 - 38)?
49
(21 - 8 - -5) + (163 - 189)
-8
Evaluate 232 - (245 - (70 - -47)).
104
What is the value of -9 - ((1 - 62 - -1) + -15 + 68 + -47)?
45
Evaluate (63 + 5 - 107) + (-2 - -2) + -12.
-51
Evaluate (-9 + -1 - (72 + 7 + -33)) + 1 + -7.
-62
What is the value of 4 + (28 - 39) + -30?
-37
What is the value of -28 + (-3 - -19 - 3) + 10?
-5
Evaluate (2 - (11 + -13) - -1) + 3 + (-7 - -55).
56
61 - (149 - 97 - -10)
-1
Evaluate -4 + (-15 + (-161 + 188 - (1 + 12)) - -46).
41
What is the value of (15 - -13) + -19 + -55 + -12 + -10?
-68
350 + -222 - (63 - 2)
67
Evaluate 45 + -53 + -21 - (2 - -1).
-32
9 + 126 + (4 - (94 + -60))
105
Calculate (42 + -77 - 73) + 59.
-49
-114 + -72 + 106 - -32
-48
Evaluate (-19 - (-21 - -16)) + (-2 - 2).
-18
What is the value of -1 - ((1 + -67 - -10) + 11) - 4?
40
What is 15 - -4 - (15 - (20 - -5))?
29
What is -44 + 63 + -11 + 15?
23
Evaluate 71 + (-9 - (-10 - -4) - (11 + -5)) - 1.
61
What is the value of 12 + 20 + -28 - -17 - -24?
45
Calculat